{"id":129,"date":"2018-11-12T07:59:25","date_gmt":"2018-11-12T07:59:25","guid":{"rendered":"http:\/\/demo.acmethemes.com\/restaurant-recipe-pro\/?page_id=8"},"modified":"2024-04-28T15:20:55","modified_gmt":"2024-04-28T13:20:55","slug":"uvod","status":"publish","type":"page","link":"https:\/\/zlutakarta.cz\/","title":{"rendered":"\u00davod"},"content":{"rendered":"","protected":false},"excerpt":{"rendered":"<p>\u017dlut\u00e1 karta, ob\u010derstven\u00ed, j\u00eddla, n\u00e1poje, catering, sportovi\u0161t\u011b, z\u00e1bava, pron\u00e1jem, oslavy, bistro, , L\u00edbeznice, Ba\u0161\u0165, Hovor\u010dovice, hudba<\/p>\n","protected":false},"author":1,"featured_media":160,"parent":0,"menu_order":0,"comment_status":"closed","ping_status":"closed","template":"","meta":{"footnotes":""},"class_list":["post-129","page","type-page","status-publish","has-post-thumbnail","hentry"],"yoast_head":"<!-- This site is optimized with the Yoast SEO plugin v26.6 - https:\/\/yoast.com\/wordpress\/plugins\/seo\/ -->\n<title>\u00davod - \u017dlut\u00e1 karta<\/title>\n<meta name=\"description\" content=\"\u017dlut\u00e1 karta - Catering, oslavy, svatby, ob\u010derstven\u00ed, L\u00edbeznice, Ba\u0161\u0165, Bo\u0159anovice, Hovor\u010dovice\" \/>\n<meta name=\"robots\" content=\"index, follow, max-snippet:-1, max-image-preview:large, max-video-preview:-1\" \/>\n<link rel=\"canonical\" href=\"https:\/\/zlutakarta.cz\/\" \/>\n<meta property=\"og:locale\" content=\"cs_CZ\" \/>\n<meta property=\"og:type\" content=\"article\" \/>\n<meta property=\"og:title\" content=\"\u00davod - \u017dlut\u00e1 karta\" \/>\n<meta property=\"og:description\" content=\"\u017dlut\u00e1 karta - Catering, oslavy, svatby, ob\u010derstven\u00ed, L\u00edbeznice, Ba\u0161\u0165, Bo\u0159anovice, Hovor\u010dovice\" \/>\n<meta property=\"og:url\" content=\"https:\/\/zlutakarta.cz\/\" \/>\n<meta property=\"og:site_name\" content=\"\u017dlut\u00e1 karta\" \/>\n<meta property=\"article:publisher\" content=\"https:\/\/www.facebook.com\/zlutakarta\/\" \/>\n<meta property=\"article:modified_time\" content=\"2024-04-28T13:20:55+00:00\" \/>\n<meta property=\"og:image\" content=\"http:\/\/zlutakarta.cz\/wp-content\/uploads\/2024\/04\/Logo-Zluta-Karta-3-1024x512.png\" \/>\n\t<meta property=\"og:image:width\" content=\"1024\" \/>\n\t<meta property=\"og:image:height\" content=\"512\" \/>\n\t<meta property=\"og:image:type\" content=\"image\/png\" \/>\n<meta name=\"twitter:card\" content=\"summary_large_image\" \/>\n<meta name=\"twitter:label1\" content=\"Odhadovan\u00e1 doba \u010dten\u00ed\" \/>\n\t<meta name=\"twitter:data1\" content=\"1 minuta\" \/>\n<script type=\"application\/ld+json\" class=\"yoast-schema-graph\">{\"@context\":\"https:\/\/schema.org\",\"@graph\":[{\"@type\":\"WebPage\",\"@id\":\"https:\/\/zlutakarta.cz\/\",\"url\":\"https:\/\/zlutakarta.cz\/\",\"name\":\"\u00davod - \u017dlut\u00e1 karta\",\"isPartOf\":{\"@id\":\"https:\/\/zlutakarta.cz\/#website\"},\"primaryImageOfPage\":{\"@id\":\"https:\/\/zlutakarta.cz\/#primaryimage\"},\"image\":{\"@id\":\"https:\/\/zlutakarta.cz\/#primaryimage\"},\"thumbnailUrl\":\"https:\/\/zlutakarta.cz\/wp-content\/uploads\/2024\/04\/Logo-Zluta-Karta-3.png\",\"datePublished\":\"2018-11-12T07:59:25+00:00\",\"dateModified\":\"2024-04-28T13:20:55+00:00\",\"description\":\"\u017dlut\u00e1 karta - Catering, oslavy, svatby, ob\u010derstven\u00ed, L\u00edbeznice, Ba\u0161\u0165, Bo\u0159anovice, Hovor\u010dovice\",\"breadcrumb\":{\"@id\":\"https:\/\/zlutakarta.cz\/#breadcrumb\"},\"inLanguage\":\"cs\",\"potentialAction\":[{\"@type\":\"ReadAction\",\"target\":[\"https:\/\/zlutakarta.cz\/\"]}]},{\"@type\":\"ImageObject\",\"inLanguage\":\"cs\",\"@id\":\"https:\/\/zlutakarta.cz\/#primaryimage\",\"url\":\"https:\/\/zlutakarta.cz\/wp-content\/uploads\/2024\/04\/Logo-Zluta-Karta-3.png\",\"contentUrl\":\"https:\/\/zlutakarta.cz\/wp-content\/uploads\/2024\/04\/Logo-Zluta-Karta-3.png\",\"width\":2400,\"height\":1200},{\"@type\":\"BreadcrumbList\",\"@id\":\"https:\/\/zlutakarta.cz\/#breadcrumb\",\"itemListElement\":[{\"@type\":\"ListItem\",\"position\":1,\"name\":\"Dom\u016f\",\"item\":\"https:\/\/zlutakarta.cz\/\"},{\"@type\":\"ListItem\",\"position\":2,\"name\":\"\u00davod\"}]},{\"@type\":\"WebSite\",\"@id\":\"https:\/\/zlutakarta.cz\/#website\",\"url\":\"https:\/\/zlutakarta.cz\/\",\"name\":\"\u017dlut\u00e1 karta\",\"description\":\"Catering bistro L\u00edbeznice, Ba\u0161t, Bo\u0159anovice, Hovor\u010dovice\",\"publisher\":{\"@id\":\"https:\/\/zlutakarta.cz\/#organization\"},\"potentialAction\":[{\"@type\":\"SearchAction\",\"target\":{\"@type\":\"EntryPoint\",\"urlTemplate\":\"https:\/\/zlutakarta.cz\/?s={search_term_string}\"},\"query-input\":{\"@type\":\"PropertyValueSpecification\",\"valueRequired\":true,\"valueName\":\"search_term_string\"}}],\"inLanguage\":\"cs\"},{\"@type\":\"Organization\",\"@id\":\"https:\/\/zlutakarta.cz\/#organization\",\"name\":\"HALDAPE s.r.o.\",\"url\":\"https:\/\/zlutakarta.cz\/\",\"logo\":{\"@type\":\"ImageObject\",\"inLanguage\":\"cs\",\"@id\":\"https:\/\/zlutakarta.cz\/#\/schema\/logo\/image\/\",\"url\":\"http:\/\/zlutakarta.cz\/wp-content\/uploads\/2024\/04\/zluta_karta_logo_bez_pozadi.png\",\"contentUrl\":\"http:\/\/zlutakarta.cz\/wp-content\/uploads\/2024\/04\/zluta_karta_logo_bez_pozadi.png\",\"width\":2400,\"height\":1700,\"caption\":\"HALDAPE s.r.o.\"},\"image\":{\"@id\":\"https:\/\/zlutakarta.cz\/#\/schema\/logo\/image\/\"},\"sameAs\":[\"https:\/\/www.facebook.com\/zlutakarta\/\"]}]}<\/script>\n<!-- \/ Yoast SEO plugin. -->","yoast_head_json":{"title":"\u00davod - \u017dlut\u00e1 karta","description":"\u017dlut\u00e1 karta - Catering, oslavy, svatby, ob\u010derstven\u00ed, L\u00edbeznice, Ba\u0161\u0165, Bo\u0159anovice, Hovor\u010dovice","robots":{"index":"index","follow":"follow","max-snippet":"max-snippet:-1","max-image-preview":"max-image-preview:large","max-video-preview":"max-video-preview:-1"},"canonical":"https:\/\/zlutakarta.cz\/","og_locale":"cs_CZ","og_type":"article","og_title":"\u00davod - \u017dlut\u00e1 karta","og_description":"\u017dlut\u00e1 karta - Catering, oslavy, svatby, ob\u010derstven\u00ed, L\u00edbeznice, Ba\u0161\u0165, Bo\u0159anovice, Hovor\u010dovice","og_url":"https:\/\/zlutakarta.cz\/","og_site_name":"\u017dlut\u00e1 karta","article_publisher":"https:\/\/www.facebook.com\/zlutakarta\/","article_modified_time":"2024-04-28T13:20:55+00:00","og_image":[{"width":1024,"height":512,"url":"http:\/\/zlutakarta.cz\/wp-content\/uploads\/2024\/04\/Logo-Zluta-Karta-3-1024x512.png","type":"image\/png"}],"twitter_card":"summary_large_image","twitter_misc":{"Odhadovan\u00e1 doba \u010dten\u00ed":"1 minuta"},"schema":{"@context":"https:\/\/schema.org","@graph":[{"@type":"WebPage","@id":"https:\/\/zlutakarta.cz\/","url":"https:\/\/zlutakarta.cz\/","name":"\u00davod - \u017dlut\u00e1 karta","isPartOf":{"@id":"https:\/\/zlutakarta.cz\/#website"},"primaryImageOfPage":{"@id":"https:\/\/zlutakarta.cz\/#primaryimage"},"image":{"@id":"https:\/\/zlutakarta.cz\/#primaryimage"},"thumbnailUrl":"https:\/\/zlutakarta.cz\/wp-content\/uploads\/2024\/04\/Logo-Zluta-Karta-3.png","datePublished":"2018-11-12T07:59:25+00:00","dateModified":"2024-04-28T13:20:55+00:00","description":"\u017dlut\u00e1 karta - Catering, oslavy, svatby, ob\u010derstven\u00ed, L\u00edbeznice, Ba\u0161\u0165, Bo\u0159anovice, Hovor\u010dovice","breadcrumb":{"@id":"https:\/\/zlutakarta.cz\/#breadcrumb"},"inLanguage":"cs","potentialAction":[{"@type":"ReadAction","target":["https:\/\/zlutakarta.cz\/"]}]},{"@type":"ImageObject","inLanguage":"cs","@id":"https:\/\/zlutakarta.cz\/#primaryimage","url":"https:\/\/zlutakarta.cz\/wp-content\/uploads\/2024\/04\/Logo-Zluta-Karta-3.png","contentUrl":"https:\/\/zlutakarta.cz\/wp-content\/uploads\/2024\/04\/Logo-Zluta-Karta-3.png","width":2400,"height":1200},{"@type":"BreadcrumbList","@id":"https:\/\/zlutakarta.cz\/#breadcrumb","itemListElement":[{"@type":"ListItem","position":1,"name":"Dom\u016f","item":"https:\/\/zlutakarta.cz\/"},{"@type":"ListItem","position":2,"name":"\u00davod"}]},{"@type":"WebSite","@id":"https:\/\/zlutakarta.cz\/#website","url":"https:\/\/zlutakarta.cz\/","name":"\u017dlut\u00e1 karta","description":"Catering bistro L\u00edbeznice, Ba\u0161t, Bo\u0159anovice, Hovor\u010dovice","publisher":{"@id":"https:\/\/zlutakarta.cz\/#organization"},"potentialAction":[{"@type":"SearchAction","target":{"@type":"EntryPoint","urlTemplate":"https:\/\/zlutakarta.cz\/?s={search_term_string}"},"query-input":{"@type":"PropertyValueSpecification","valueRequired":true,"valueName":"search_term_string"}}],"inLanguage":"cs"},{"@type":"Organization","@id":"https:\/\/zlutakarta.cz\/#organization","name":"HALDAPE s.r.o.","url":"https:\/\/zlutakarta.cz\/","logo":{"@type":"ImageObject","inLanguage":"cs","@id":"https:\/\/zlutakarta.cz\/#\/schema\/logo\/image\/","url":"http:\/\/zlutakarta.cz\/wp-content\/uploads\/2024\/04\/zluta_karta_logo_bez_pozadi.png","contentUrl":"http:\/\/zlutakarta.cz\/wp-content\/uploads\/2024\/04\/zluta_karta_logo_bez_pozadi.png","width":2400,"height":1700,"caption":"HALDAPE s.r.o."},"image":{"@id":"https:\/\/zlutakarta.cz\/#\/schema\/logo\/image\/"},"sameAs":["https:\/\/www.facebook.com\/zlutakarta\/"]}]}},"_links":{"self":[{"href":"https:\/\/zlutakarta.cz\/index.php?rest_route=\/wp\/v2\/pages\/129","targetHints":{"allow":["GET"]}}],"collection":[{"href":"https:\/\/zlutakarta.cz\/index.php?rest_route=\/wp\/v2\/pages"}],"about":[{"href":"https:\/\/zlutakarta.cz\/index.php?rest_route=\/wp\/v2\/types\/page"}],"author":[{"embeddable":true,"href":"https:\/\/zlutakarta.cz\/index.php?rest_route=\/wp\/v2\/users\/1"}],"replies":[{"embeddable":true,"href":"https:\/\/zlutakarta.cz\/index.php?rest_route=%2Fwp%2Fv2%2Fcomments&post=129"}],"version-history":[{"count":3,"href":"https:\/\/zlutakarta.cz\/index.php?rest_route=\/wp\/v2\/pages\/129\/revisions"}],"predecessor-version":[{"id":302,"href":"https:\/\/zlutakarta.cz\/index.php?rest_route=\/wp\/v2\/pages\/129\/revisions\/302"}],"wp:featuredmedia":[{"embeddable":true,"href":"https:\/\/zlutakarta.cz\/index.php?rest_route=\/wp\/v2\/media\/160"}],"wp:attachment":[{"href":"https:\/\/zlutakarta.cz\/index.php?rest_route=%2Fwp%2Fv2%2Fmedia&parent=129"}],"curies":[{"name":"wp","href":"https:\/\/api.w.org\/{rel}","templated":true}]}}